 + 172. Let a = -37 + f. What is the tens digit of a?
2
Suppose -2*u + 139 = 23. Suppose l - u = -l. What is the units digit of l?
9
Let h be (-1 + -73)/(10 + -5 + -7). Let c = h - 16. What is the units digit of c?
1
Let y = 11 - 7. Suppose -y = v - 2. What is the units digit of v*1*(-153)/6?
1
Suppose 8*t + 24 = 10*t. Let c = 15 - t. What is the units digit of c?
3
Let u(k) = 469*k + 214. What is the hundreds digit of u(10)?
9
Let q(p) = 1554*p**2 + 21*p - 20. What is the units digit of q(1)?
5
Let y(m) = m - 17. Let g be (-2)/(-5) - 432/(-45). Let u be y(g). Let i = u - -24. What is the tens digit of i?
1
Suppose c - 2 = 3. Suppose c*x + 3*d - 40 = -0*x, -2*d = -10. Suppose 4*q - 23 = -5*w - x, -3*w + 4 = -q. What is the units digit of q?
2
Suppose 5*h = 3*o - 0*o + 6, 5*h + o - 18 = 0. What is the units digit of (36/16)/h*4?
3
What is the tens digit of 30 + -8 + -28 - (-3786)/1?
8
Suppose 4*c = -5*z + 3421, -17*c + 2047 = 3*z - 16*c. What is the tens digit of z?
8
Let l(z) = 5*z**2 - 9*z - 17. Let n be l(-5). Let v = n - 85. What is the units digit of v?
8
Let n(k) = k + 1 + 18 + 7. What is the tens digit of n(-4)?
2
Suppose -2*c = -5*k + 193, -2*k - 145 - 173 = 3*c. Let i = 5 - c. What is the units digit of i?
9
Suppose -i = 0, -4*w - 13 = -3*i - 33. Suppose 4*b - w*o = 52, 0 = -4*b - 2*o + 29 - 5. Suppose -b = -2*t + 30. What is the tens digit of t?
1
Suppose 0 = -2*g + 5*h - 19, 5*g + 2*h - 4 = 21. Suppose s = g*s - 20. What is the tens digit of 105/(-10)*s/(-3)?
3
Let h = -39 + 427. What is the hundreds digit of h?
3
Suppose 5*g + 0 = -4*y - 1, 3*y - 7 = 4*g. What is the tens digit of y/(((-1)/111)/(1/(-3)))?
3
Let f(q) = q**3 + 7*q**2 - 11*q - 20. Let x be f(-8). Suppose 4*r + 20 = 0, -3*i + x*i = -2*r + 46. What is the tens digit of i?
5
Suppose -1476 = -5*g + 2*z, -2*g + g = z - 291. What is the tens digit of g?
9
Suppose 4784 = 4*o + 1160. What is the units digit of o?
6
Let z = 803 + 453. What is the thousands digit of z?
1
Let l(m) = 2*m**2 - 2*m + 3. Let n be l(3). Let r = 9 + n. Suppose -2*b + 21 = -o - r, 3*b - 67 = 2*o. What is the tens digit of b?
2
Let y = -133 + 2091. What is the tens digit of y?
5
Suppose -5*m - 1982 = -2*w - 4, -5*w + 4*m = -4928. What is the tens digit of w?
8
What is the tens digit of -136*(3/2 + (-12)/6)?
6
Suppose 35*f - 4 = 33*f. Suppose -f*x = -z - x + 30, 0 = -2*z + 3*x + 63. What is the tens digit of z?
2
Let z = -52 - -26. Let v = 11 + z. Let a = 58 + v. What is the units digit of a?
3
Let c be (3/6)/(2/(-4)). Let a(u) = u**2 + 3*u + 2. Let m be a(c). Let h(x) = x**3 + x**2 + 33. What is the tens digit of h(m)?
3
What is the hundreds digit of (51876/22)/(15/20)?
1
Let n be (4972/16 + -3)*-4. What is the hundreds digit of 2/9 + n/(-9)?
1
Let h(v) = 2 - 2 + 9*v**2 + 7*v + 1 + 4. What is the units digit of h(4)?
7
Suppose -73*z + 68*z + 2470 = -5*i, 0 = -z + 2*i + 493. What is the hundreds digit of z?
4
Let g(r) = r**2 + 4*r - 14. Let s be g(-7). Let j(z) = 2*z + 7. What is the tens digit of j(s)?
2
Suppose -2*b + 0*b = 44. Let c be (-62)/b - 6/(-33). Suppose -c*v - 16 = -5*v. What is the units digit of v?
8
Suppose 7*g + 17*g = 32136. What is the tens digit of g?
3
Suppose 2*q + 3*q = 5*l - 205, -l + 57 = 3*q. Suppose -z = 3*z + 5*f - l, 0 = 3*z - 3*f. Suppose -z*t + 3*t + 126 = 0. What is the units digit of t?
3
Suppose 3*k - 2*a - 1006 = 1288, -3*k = 3*a - 2319. What is the tens digit of k?
6
Suppose 3*a = z - 75, -a - 2*a - 84 = 2*z. Let c be 2/(-10) + 439/(-5). Let n = a - c. What is the tens digit of n?
6
Suppose -z - 8 = 7*z. What is the tens digit of (-1179)/(-12)*(20/(-15))/z?
3
Let b be 2/(1 + -1 + 1). Suppose 5*z - 5*k = -119 + 384, -b*z + k + 103 = 0. Suppose 0*a + 3*a + 2*m - z = 0, -4 = -4*m. What is the tens digit of a?
1
Let s = -3319 + 7583. What is the thousands digit of s?
4
Let x = -467 - -801. Suppose 2*a - 146 = x. Suppose -4*t + 5*s = -a, 2*t - 3*s - 120 = -4*s. What is the units digit of t?
0
Let y(p) = p**3 + 6*p**2 + p + 3. Let g(w) = w**3 + 15*w**2 - 15*w + 13. Let v be g(-16). What is the units digit of y(v)?
7
Suppose 2 = -x + 3*w, 0*x - w - 74 = 5*x. Let y(i) = 2*i**2 + 27*i - 7. What is the units digit of y(x)?
7
Let z(l) = 6*l. Let t be z(-2). Let m = -10 + 37. Let c = t + m. What is the units digit of c?
5
Suppose -533 = -2*c + 5*u, -c = 5*u - 389 + 85. What is the hundreds digit of ((10/(-3))/1)/((-6)/c)?
1
What is the tens digit of (-6 - -9)/((-3)/(-39))?
3
Suppose 0 = 3*l - 14*l + 341. What is the units digit of l?
1
Let q(b) = b**3 + 7*b**2 + b + 10. Let w be q(-5). What is the tens digit of (w/4 + (-5)/(-10))*4?
5
Let k(g) = -g**2 - 76*g - 70. What is the units digit of k(-31)?
5
Suppose 38*i + 11*i = 16611. What is the hundreds digit of i?
3
Let s(a) = -6*a + 24. Let l be s(-9). Suppose 2*z - l = -0*z. What is the tens digit of z?
3
Let u = 211 + -151. What is the tens digit of u?
6
Suppose 267*m = 259*m + 38984. What is the tens digit of m?
7
Let k be 16*(-4)/(-8)*4. Suppose 0 = f + 7 - k. What is the tens digit of f?
2
Suppose -2*f + 19 = -833. What is the units digit of f?
6
Suppose 0 = -5*o + d + 90, -o + 0*d + 4*d + 18 = 0. Suppose 0 = -3*v + 57 + o. What is the tens digit of v?
2
Suppose -5*t + 40 = -2*h + 7*h, -32 = -4*h - 3*t. Let o(q) = h - 9 - 2*q - q**2 - 8*q. What is the units digit of o(-9)?
8
Let d(v) = -v**2 - 10*v + 5. Let f be d(-10). Suppose 3 = f*u - 27. What is the units digit of (-3)/u*(-65 + -3)?
4
Let k(m) = -m**3 - 8*m**2 - 8*m - 4. Let x(f) = -f**2 + f - 1. Let z(c) = -k(c) - 2*x(c). Let b be 0 + -8 + 2/(-2). What is the tens digit of z(b)?
3
Suppose -82 = -2*r - t, -t = -4*r - 0*t + 170. Let d = -11 + r. What is the units digit of d?
1
Let j(b) = -2*b + 16. Let v be j(8). Suppose -p - 2*p + 273 = v. What is the tens digit of p?
9
Let z = -149 + 1960. What is the thousands digit of z?
1
Let t(g) = -22*g - 12. Let v be t(5). Let f = v + 311. What is the hundreds digit of f?
1
Let p = 234 - -82. What is the units digit of p?
6
Suppose 5*s - 9 = 11. Let h be (-235)/(-45) - s/18. Suppose h*q + 4*b = 165, 3*b = -q - 2*q + 99. What is the units digit of q?
3
Let y(d) = 14*d**2 + 46*d + 62. Let k(s) = -5*s**2 - 15*s - 21. Let t be 6 + (-12)/3 + -13. Let m(w) = t*k(w) - 4*y(w). What is the tens digit of m(-13)?
6
Let r = -125 + 498. What is the hundreds digit of r?
3
Let u be (-12)/(-18)*(-21)/(-2). Let s(j) = 6*j**2 - 17*j + 7. What is the tens digit of s(u)?
8
Suppose -2*v + 5*u + 60 = 540, -3*u + 240 = -v. Let z = v + 387. What is the tens digit of z?
4
Let r(l) = 45*l**2 + l. Suppose n - 5*n + 4 = 0. Let s be r(n). Suppose -3*q = -35 - s. What is the tens digit of q?
2
Suppose z + 35 = i - 6, -3*z = -5*i + 203. Let k = 9 + i. What is the tens digit of k?
4
Suppose -10*v + 16769 = -9511. What is the thousands digit of v?
2
Let f(k) = -72*k - 319. What is the units digit of f(-8)?
7
Let n(r) = -r**3 + 24*r**2 - 90*r - 38. What is the units digit of n(18)?
6
Suppose 20 = z - 19. Let r be z + (-2 - -3)*2. Suppose -2*p - 4*d + 5*d = -r, 3*p - 5*d = 79. What is the tens digit of p?
1
Let o = 311 - 327. Let j be 1*(-2)/2*-13. What is the units digit of ((-117)/j)/(6/o)?
4
Suppose -5*n = -2*n. Suppose n = 7*v - 2*v - 20. Suppose -v*l - 26 = -214. What is the tens digit of l?
4
Let b(h) = -h**3 - 3*h**2 - 2*h - 2. Let k be b(-6). Let v = k - -209. What is the hundreds digit of v?
3
Let f(t) = -62*t + 3. Let y be (0 - 51/15) + (-10)/(-25). What is the units digit of f(y)?
9
Let n be (3/2*-2 - 1) + 5. What is the units digit of 504/96 + (n - 10/8)?
5
Let r(l) = -9*l**2 + 2*l + 4*l**2 + 13 + l**3 - 5*l**2. What is the units digit of r(10)?
3
Suppose 45*h - 37*h - 15240 = 0. What is the hundreds digit of h?
9
Let f(r) = r + 8. Let g = 12 - 0. Let a be 2/12*3*g. What is the tens digit of f(a)?
1
Let u(p) = 5*p**2 + p - 2. Let f be u(1). Suppose 3 + 9 = -f*m, 0 = -t - 4*m + 132. What is the units digit of t?
4
Suppose -46 = j + 5*b, 3 = -b + 5. Let y = 109 + j. What is the units digit of y/5 + (-18)/30?
0
What is the hundreds digit of 1747 + 32 - (1 + 3 + -10)?
7
Let p be (-1 - (-35)/(-7))*1/(-2). Suppose p*n - 432 = -n. What is the tens digit of n?
0
Let l(s) = 82*s**2 - 12*s - 60. What is the hundreds digit of l(-4)?
3
Let l(p) = -6*p - 23*p - 22 -